 are the prime factors of a(9)?
3, 5
Let h(n) = -3*n + 5. Let x be h(2). Let w(l) = 60*l**2 + 2*l + 2. What are the prime factors of w(x)?
2, 3, 5
Suppose 3 = k - 1. Suppose -3*f + k*i + 36 = 0, 78 - 18 = 5*f + 3*i. Let m(y) = y + 12. What are the prime factors of m(f)?
2, 3
Let k = 373 - -75. List the prime factors of k.
2, 7
Suppose 9*s - 24 = 6*s. Let z(l) = l + 6. List the prime factors of z(s).
2, 7
Let k be 627/15 - (3/5)/(-3). Suppose -2*i = -0*i - 4. Suppose -i*u + 32 + k = 0. What are the prime factors of u?
37
Suppose 0*t - 4*t + 460 = -4*d, 4*t = -2*d - 206. Let y = d - -176. List the prime factors of y.
5, 13
Let r(a) = a**3 + a**2 + 20. Let d be r(0). Let p = d - 16. Suppose -c = 3*s - 32, p*c - 117 = 2*s - 3*s. What are the prime factors of c?
29
Let w = -467 + 1330. What are the prime factors of w?
863
Suppose -4*p = 4*t - 80, p + 3*t - 5 = 9. Suppose 4*c = -j + p + 21, -4*c + 16 = 0. List the prime factors of j.
2, 7
Let k = -5227 + 11595. What are the prime factors of k?
2, 199
Suppose 1 + 7 = 4*f. Suppose 5*h - f*h = 6. Suppose 5*l = -u + h*l + 27, 42 = 2*u + 3*l. What are the prime factors of u?
3, 5
Let u(r) = -r + 11. Let i be u(13). Let w be 9*((-24)/(-9) - i). Let a = -29 + w. What are the prime factors of a?
13
Let p be ((3/(-2))/(-1))/((-12)/(-80)). Suppose 4*k + 264 = p*k. List the prime factors of k.
2, 11
Let i(y) = -y**3 + 7*y**2 + 7*y + 8. Let m be i(8). Suppose -x - 1 + 6 = m. Suppose -62 - 28 = -3*a - x*z, 0 = -3*a + 2*z + 90. What are the prime factors of a?
2, 3, 5
Suppose -5*a - 533 + 28 = -5*n, -3*a = 5*n - 529. List the prime factors of n.
2, 13
What are the prime factors of (-6794)/12*(-28 - -22)?
43, 79
Let o(x) = 5*x**2 + 14*x - 7*x**2 + 7 + x**2. Suppose 2*i = -4*d + 44, -d = 4*d - 20. What are the prime factors of o(i)?
7
Let c = 292 - 198. Let o = 168 - c. What are the prime factors of o?
2, 37
Suppose -5*h = 3*y - 1501 - 642, h - 423 = -2*y. Suppose -t + 5*r = -0*t - 138, 0 = -3*t - 2*r + h. What are the prime factors of t?
11, 13
Suppose -3*j - 3*b + 2*b = -16, -20 = 4*b. Suppose 831 - 229 = j*u. List the prime factors of u.
2, 43
Let u = 6506 + -4023. What are the prime factors of u?
13, 191
Let x = 1086 - 253. List the prime factors of x.
7, 17
Let d = 542 - 312. Suppose 0 = -5*p - 5 + d. List the prime factors of p.
3, 5
Suppose 5*p + 2*t + 47 = 5*t, 3*t - 12 = 0. What are the prime factors of (-458)/(-14) - 2/p?
3, 11
Let s(o) = -6*o - 2. Let c be s(-1). Suppose 0 = c*f - 2*f - 130. List the prime factors of f.
5, 13
Let a = 10 + -18. Let k = 21 + a. What are the prime factors of k?
13
Let u be (2 - 3 - -1) + 40. Let t = 8 - u. Let k = 62 + t. List the prime factors of k.
2, 3, 5
Suppose -5*z - 4 = -74. Let i = 86 - z. What are the prime factors of i?
2, 3
Suppose 345 = k + 4*k. Suppose -2*o - 61 = -3*o - r, r = o - k. What are the prime factors of o?
5, 13
Let o(w) = -6*w**2 + 28*w - 2. Let g(z) = 2*z**2 - 9*z + 1. Let j(i) = 10*g(i) + 3*o(i). Let y be j(4). Let q = y + 14. List the prime factors of q.
2, 13
Suppose 4*j - 9*j + 390 = 0. Suppose -4*g + 7*g + j = 0. What are the prime factors of (-1420)/(-65) - 4/g?
2, 11
Let h = 37 + -29. List the prime factors of (18/h - 2) + 201/12.
17
Let r(x) = 120*x - 2. Suppose -16 = -3*y - 10. Let g be r(y). Suppose -g = -4*b - 5*o - 51, -31 = -b + 4*o. List the prime factors of b.
43
Let s = -1166 + 3401. List the prime factors of s.
3, 5, 149
Let s(c) = 21*c**2 + 37*c. List the prime factors of s(-9).
2, 3, 19
Let f(g) = -3*g**3 - 5*g**2 - 4*g - 1. Let z = -14 - -11. What are the prime factors of f(z)?
47
Suppose -87*v + 63*v = -360. List the prime factors of v.
3, 5
Let z = 88 + -89. What are the prime factors of ((-897)/(-78))/(z/(-14))?
7, 23
Suppose 0 = p + 3*g - 1189, -294*g = -p - 298*g + 1185. List the prime factors of p.
1201
Suppose 3*h = 4*w - 81, 3*w = 2*h - 14 + 76. What are the prime factors of w*(-3 - -2 - -2)?
2, 3
Suppose -8*y = -8314 - 10278. List the prime factors of y.
2, 7, 83
Let j(o) = 245*o + 492. What are the prime factors of j(7)?
2207
Let u = 2179 - -1101. List the prime factors of u.
2, 5, 41
Let a = 412 + -612. Let b = -70 - a. Suppose -5*g = -10*g + b. List the prime factors of g.
2, 13
Let a = -17 + 18. Let n be ((-8)/4 - a) + -1929. What are the prime factors of (-6)/39 + n/(-52)?
37
Let d(g) be the first derivative of -g**4/2 + g**3/6 + 3*g**2/2 + 8. Let s(m) be the second derivative of d(m). What are the prime factors of s(-2)?
5
Suppose 0*o - 2*o + 4 = 0. Suppose 5*w - 220 = o*v + 5, -5*v + 61 = 2*w. List the prime factors of w.
43
Let j(h) = h - 9. Let p be j(5). Let f(t) = -t**3 - 4*t**2 - 2*t - 5. Let a be f(p). Suppose 0*k - 63 = -a*k. What are the prime factors of k?
3, 7
Suppose 0*q - 90 = -5*k + 2*q, -4*k = -3*q - 65. List the prime factors of (8 + -1)*(k + -15).
5, 7
Let a(t) = 2*t**2 + 18*t + 14. Suppose 4*l - 40 + 92 = 0. List the prime factors of a(l).
2, 59
Suppose 0 = 5*o - 4*o - 141. Let z be 8/(-36) + o/27. Let k(f) = f**3 - 4*f**2 - 2. What are the prime factors of k(z)?
23
Let k(z) = -z**2 - 2*z + 6. Let s be k(-3). Suppose -3*h = -5*d + 581, h + 5 = s. List the prime factors of d.
5, 23
Let u = 609 + 482. What are the prime factors of u?
1091
Suppose l - 1782 = -4*f, 31 - 2251 = -5*f - 5*l. List the prime factors of f.
2, 223
List the prime factors of -2*(-28)/7 + 1219.
3, 409
Let s(t) = -t - t**2 + 0*t**2 - 1 + 4*t**2. Let g be (8 - 5)/(-1) + 2. What are the prime factors of s(g)?
3
Let h = -2 + 5. Let v(f) = 0*f - 7*f + 8 + 0 - h + 4*f**2. List the prime factors of v(4).
41
Suppose -56 + 312 = 4*d. Let f = -150 + d. List the prime factors of (-12)/(-66) + f/(-11).
2
Suppose -2*h = 14 - 8. List the prime factors of (42*-1)/(-1*(4 + h)).
2, 3, 7
Let a(z) = 105*z**2 - 2*z + 8. List the prime factors of a(2).
2, 53
Suppose -6 - 10 = -4*d, -n + 2*d + 122 = 0. Suppose 0 = -a + 2*h + n, 1 = -4*h + 9. List the prime factors of a.
2, 67
Let f(x) = 2*x**3 + 43*x**2 - 64*x + 6. What are the prime factors of f(-21)?
3, 199
Let c(t) = 68*t**2. Suppose 6*o = 2*o - l - 1, o - 5 = -2*l. Let q be c(o). Suppose -2*m + q = 4*b, 161 = 2*m + 3*m + b. What are the prime factors of m?
2
Let h(n) = -2*n + 1. Let d be h(-1). Suppose d*l + l - 36 = 0. Suppose 5*g - 119 = -l. List the prime factors of g.
2, 11
Suppose 3*h - 3162 = -4*l, -48*h + 793 = l - 46*h. List the prime factors of l.
3, 263
Let o(g) = g**3 - 24*g**2 - 35*g - 32. What are the prime factors of o(26)?
2, 5, 41
Suppose -c + 2*c = -4*g - 34, 5*g - 5*c = -30. Let r(i) = -i**3 - 7*i**2 + 4*i + 12. List the prime factors of r(g).
2, 11
Suppose 0 = m + 10 - 12. Suppose m*c = -2*x + 98, 2*x = 4*c - 201 - 19. List the prime factors of c.
53
Suppose 3*a + 27 = -3. Let w(m) = -m**2 - 11*m - 5. Let p be w(a). List the prime factors of 2/(-10) + 16/p.
3
Let r(k) = -225*k. Let d be r(-6). Suppose 2*x - d = -7*x. List the prime factors of x.
2, 3, 5
Let d(j) = 60*j - 44*j - 2 + 95*j. List the prime factors of d(1).
109
Let m(t) = 2*t**2 + 1 + 4*t**2 + 2*t + 0*t**2. Let z be m(-2). Suppose 2*i - 13 = z. What are the prime factors of i?
17
Let u = 5578 - 3620. List the prime factors of u.
2, 11, 89
List the prime factors of (0 - 11)/(4/(-140)).
5, 7, 11
Let n(w) = -w**3 - 33*w**2 + 38*w - 18. What are the prime factors of n(-35)?
2, 19, 29
Suppose 0 = -3*m + 339 + 207. Suppose -10*t + 48 = -m. What are the prime factors of t?
23
Suppose 0*i = 2*i - 238. Suppose -i = z - 2*z. Let p = z - 67. List the prime factors of p.
2, 13
Suppose 0 = 3*y + w - 8 - 9, 12 = 4*y + 4*w. Let i = y + 11. List the prime factors of i.
2, 3
Suppose 784 = 5*k + 3*l, -k + 53*l - 56*l + 164 = 0. What are the prime factors of k?
5, 31
Let i(j) = 489*j**3 + 5*j**2 + 2*j + 2. Let a be i(-2). List the prime factors of a/(-27) - (-6)/(-27).
2, 3
List the prime factors of (54 + 2)/((-6)/(-30)).
2, 5, 7
Suppose -3*i + 11 = -4. Suppose -x = -i*y + 24, -x + 17 = 3*y + x. Suppose 29 = y*m + 2*w, 5*m + w - 3 = 29. List the prime factors of m.
7
Suppose 6 = 2*k, 0*c - 2*k = -c + 19. What are the prime factors of 30/135 - 19*c/(-9)?
53
Let k be (-4)/(-3) - (-5)/((-30)/(-82)). Let h = 1 - 2. Let y = k + h. What are the prime factors of y?
2, 7
Let r(m) = 6*m**2 + 2. Let p(b) = 7*b**2 + 2. Let z(k) = 4*p(k) -